ose -3*x - 3098 = -0*n - 2*n, 0 = -4*x - j. Is n prime?
True
Suppose -5*g + 0*s + s = -34120, -5*s = -4*g + 27317. Is g a prime number?
True
Suppose -38*v + 5923 = -777295. Is v composite?
False
Suppose 0 = -3*v - 2*g + 174863, 6*v = 3*v + 2*g + 174847. Is v a composite number?
True
Let f = 120 - -1681. Is f composite?
False
Suppose -2*c - 554 = -2*f, -c + 247 = f - 20. Suppose 5*a + 5*j = 645, 0*a - 5*j - f = -2*a. Is a a prime number?
True
Let p = -433 + 888. Let c = p - -1452. Is c prime?
True
Let k = -20 - -30. Let l(u) be the second derivative of 5*u**4/12 - 3*u**3/2 - 3*u**2/2 - 28*u. Is l(k) composite?
True
Let o(v) = 2*v - 11. Let d be o(7). Suppose d*n + l = 4*l + 2802, -5*n + 4*l = -4665. Is n prime?
True
Suppose -2*a - t - 6 = 4*t, -16 = 4*t. Let w be 2795/3 - (-1)/3. Suppose a*c + w = 4194. Is c a composite number?
True
Suppose 2*r = 5*j + 3 + 12, -3*r + 4*j = -12. Suppose 0 = 4*x + 5*o + 36, 0 = 3*x + o + 2*o + 24. Let d = r - x. Is d prime?
False
Let i(m) = m**3 - 8*m**2 + 2*m + 3. Let z be i(6). Let t = -28 - z. Suppose -q + 120 = b, -t = -2*b + 5*q + 204. Is b a composite number?
True
Let o = -105 - -117. Is (-354)/(-4)*8/o composite?
False
Suppose 4*w - 6*w + 30 = 0. Let z be (-40)/w - 2/6. Is (-17 - z)/((-6)/33) composite?
True
Let w = 18 - 16. Suppose -5*r = 2*b - 93 - 56, -3*b = -w*r + 52. Is r*4 + (-6)/2 a composite number?
False
Let d be (-4)/(-7) + (-45)/(-7). Suppose 19610 = 3*j + d*j. Is j prime?
False
Suppose r - 1579 = 1810. Is r prime?
True
Let a = 14 + -11. Suppose -5*k + 2725 = a*c, 528 = 2*k - 4*c - 562. Suppose -4*v - v - 2*r + k = 0, 2*r = 0. Is v composite?
False
Suppose 0 = 2*c + 3*j - 1915, -c + 65 + 875 = 5*j. Let o = 1477 - c. Suppose 4*u - o = -4. Is u a prime number?
True
Let f be (158/((-3)/3))/1. Let y be 1/2 + f/4. Let t = y - -184. Is t composite?
True
Let o(k) = k**2 - 8*k + 12. Let t be o(8). Let n be 11394/t - 1/2. Suppose -n = -5*b + 666. Is b prime?
False
Let g(a) = -908*a**3 + a**2 - a - 1. Let l be g(-1). Suppose 3*h = 5*h - 1830. Is 2/(-1 + h/l) a composite number?
True
Let b = 9 + -7. Suppose b*u - 577 = 187. Is u a composite number?
True
Let j = 533 - 284. Let l be ((-716)/3)/((-4)/6). Let t = l - j. Is t a prime number?
True
Let s = 673 - 225. Suppose -2*x + 198 = 3*p + 2*p, -4*x + s = -3*p. Suppose 0 = 4*i - 95 - x. Is i a composite number?
True
Suppose -3*o = -5*y - 2*o + 145330, 2*y + 2*o - 58144 = 0. Is y prime?
False
Suppose -5*r - 39 = -2*u - 5, -19 = -u + 2*r. Is 10/(-45) + 17313/u a prime number?
True
Let v(o) = -2*o**2 + 19*o + 12. Let h be v(10). Suppose -239 = -d + z, h*d = 4*d - z - 474. Is d a composite number?
True
Let w(v) = 11*v - 24*v + 7 - 27*v. Let o be w(5). Let k = 380 + o. Is k prime?
False
Let w(a) = 62*a**2 - 13*a - 62. Is w(11) composite?
False
Suppose -3*r = 5*q - 30 + 4, -4 = -r - 4*q. Let p(d) be the third derivative of d**5/60 + d**4/8 - 11*d**3/6 + 21*d**2. Is p(r) a prime number?
False
Let h(b) = -b**2 + 4*b - 4. Let f be h(4). Let w be (-2)/13 + f/(-26). Suppose w = x + 4*r - 133, 0 = -6*x + x + 5*r + 740. Is x prime?
False
Let f be ((-49)/12 + 1/3)*-12. Is ((-10)/(-18))/(-5) - (-9500)/f a composite number?
False
Let z(r) = -1454*r - 1. Let m be z(-1). Let u = m + -984. Is u prime?
False
Let u = -15101 + 29472. Is u a composite number?
True
Suppose 8*l - 19391 = -3919. Is l composite?
True
Let y(p) = 27*p**2 + 48*p - 43. Is y(-26) prime?
False
Let x(w) = w**3 - w - 2. Let b be x(2). Suppose -3 + 43 = b*n. Suppose 7*q + 141 = n*q. Is q prime?
True
Suppose 0 = -h + 4*h - 2*i + 6, -5*h - i = 23. Is (h - -2)/((-6)/6969) prime?
False
Is -3 + 10 - (-30376 - 6) a composite number?
False
Suppose 37*l = 42*l - 24305. Is l a composite number?
False
Suppose -12*m + 17 = 5*m. Is ((-2933)/21)/(m/(-3)) composite?
False
Suppose 44*q - 43*q - 1201 = 0. Is q a composite number?
False
Let x = 181382 - 119173. Is x prime?
False
Let r(s) = 4*s**3 - 27*s**2 + 26*s - 10. Is r(11) a composite number?
False
Let s(h) = h**3 + 8*h**2 + 10*h + 25. Let n be s(-7). Is (-1)/n - 2/((-8)/845) a composite number?
False
Let d = -144482 + 295147. Is d a composite number?
True
Let l = 16964 + -9383. Suppose 0 = 3*b + 4*u - 2270 - 3421, 4*b = -3*u + l. Let r = -976 + b. Is r prime?
False
Suppose -3*p - 6*t + 1840 = -5*t, -2*t = -2*p + 1232. Suppose 0 = -4*b + 3*b + p. Is b a prime number?
False
Suppose -3*u - 2*c + 13 = 0, c - 2*c = -3*u - 2. Is 15/45*447*u a prime number?
True
Let g(o) be the first derivative of o**4/4 + 13*o**3/3 + 5*o**2/2 + 15*o - 2. Is g(-10) composite?
True
Let k = 421 - -23. Let h = k + -171. Let a = h - 114. Is a prime?
False
Suppose 0 = 25*f - 20*f. Suppose 4*d = -f*d + 1884. Is d a composite number?
True
Is 45/(-20) - 210265/(-20) a prime number?
False
Let k = 11 - 9. Suppose -3*s + 25 = k*s. Suppose -6*h = -s*h - 67. Is h composite?
False
Suppose -1927639 = -13*g - 315002. Is g a composite number?
True
Let i be 5 + (-1 - 0) - -3. Let k(b) = 3*b + 14. Is k(i) a composite number?
True
Is 95816/87 - (-2 + (-3)/(-9)) composite?
False
Suppose 64 = 5*k - 1. Let u(l) = 112*l + 3. Let d be u(k). Suppose 5*t - m - d = -0*t, -t + 275 = 4*m. Is t prime?
False
Let o = -24119 + 49048. Is o composite?
True
Let p = -232 - 441. Let y = p - -1742. Is y a composite number?
False
Let o(v) = 2*v**3 + 2*v**2 + v + 4. Let c(n) = -n**2 - 13*n - 33. Let p be c(-4). Is o(p) prime?
True
Suppose 660441 + 63069 = 30*w. Is w composite?
True
Let o be (-15)/(-3) + 1 + -2. Let z be -2 + 3 + 16/o. Suppose -4*l = z*v - 5*l - 636, 382 = 3*v - l. Is v prime?
True
Suppose 26 = 9*m - 10. Suppose -1463 = -3*r - 0*z - m*z, 5*z - 506 = -r. Is r a prime number?
False
Suppose -3*u - 2*u + 20 = 0. Let d = u + -6. Is d - (-1 + 2*-127) a composite number?
True
Suppose -5*w + 23418 = c, 3*c - w = w + 70271. Is c composite?
True
Is 12/2*7982/52 a prime number?
False
Let z = 12 + -75. Let g = 268 - z. Is g a composite number?
False
Suppose d + b - 6 = 0, 2*d - 2*b = -2*d. Suppose -d*f = -0*f. Suppose f = x + 5 - 39. Is x composite?
True
Let v(g) = 2*g**2 - 5*g + 20. Let f(r) = -r**2 + r + 1. Let h(i) = -4*f(i) - v(i). Is h(-19) prime?
False
Let i = 15280 + -10839. Is i a composite number?
False
Is 3088041/242 - 7/2 prime?
True
Let l(b) = -44 - 1 - 6*b + 18 + 10. Suppose -4*j = j + 40. Is l(j) a prime number?
True
Let w = -26381 - -162736. Is w composite?
True
Suppose -5*i + 19992 = 2742. Suppose -3*y + 3 = -i. Is y a prime number?
True
Let s be -7*(-1)/(2*(-2)/4). Let u(q) = q**3 + 16*q**2 + 12*q + 16. Is u(s) a composite number?
False
Is (-9)/(-6)*3/(54/15108) a composite number?
False
Let r(c) = 69*c - 65. Let z(n) = -103*n + 98. Let i(m) = 8*r(m) + 5*z(m). Is i(13) composite?
True
Let a = 199 + -790. Let s = -388 - a. Is s a composite number?
True
Let q(n) = 1. Let j(l) = l + 14. Let f(x) = j(x) + 4*q(x). Let y be f(-10). Let a = 11 - y. Is a a composite number?
False
Let j be (2 - 201)*3*21/9. Let t = j + 2258. Is t composite?
True
Let l be 87/9 - (-2)/6. Is 6/l - -317*(-24)/(-20) a composite number?
True
Is (2062/(-14))/((-252)/49 + 5) a prime number?
True
Let j be 603/11 + 16/88. Let f = 101 - j. Is f composite?
True
Let d = 29709 + -17684. Suppose -13*x + 39702 = d. Is x a prime number?
True
Let t(l) = -25*l**3 - l**2 - 25*l - 25. Is t(-6) a composite number?
True
Suppose 7*p = 2*p + 20. Suppose 6*r = p*r + 662. Is r prime?
True
Let w(a) = 3*a - 24. Let m be w(8). Suppose 0 = 3*j - 3*n - 2742, j = -m*n + 5*n + 926. Is j a prime number?
True
Let r be (58/(-87))/(2/(-6)). Suppose -5*n = -4*v - 1981, -310 = -r*n - 4*v + 460. Is n a composite number?
True
Let m(z) = z - 14. Let g be m(17). Suppose -g*y - 1645 = -c, 3*y + 6421 = 5*c - 1828. Is c a composite number?
True
Let k be -1 + 18/14 - (-102)/(-14). Let o(s) = -9*s**3 - 3*s**2 + 2*s + 9. Is o(k) a composite number?
True
Suppose -13207 - 1775 = -6*v. Is v a prime number?
False
Suppose -7*v + 80 - 5715 = 0. Let f = v + 1152. Is f a prime number?
True
Let z = -27 - -38. Is z/(-1)*(-4)/(12/111) a prime number?
False
Suppose 0 = -35*i + 32*i + 1317. Let h = i - 312. Is h a prime number?
True
Let l be (-2654)/10 - 0 - 2/(-5). Let a = l + 654. Is a a composite number?
False
Let x = 11163 + 5266. Is x composite?
True
Is (-1)/(2*1/(-9514)) a prime number?
False